8866 (base 9) to base 15
1e10
What is -584 (base 14) in base 2?
-10001001000
Convert -311221 (base 5) to base 13.
-4837
Convert -1020 (base 4) to base 3.
-2200
-1100110010011 (base 2) to base 11
-4a12
What is 457 (base 12) in base 5?
10033
Convert -12402 (base 8) to base 5.
-133003
Convert -22342 (base 10) to base 5.
-1203332
-72b5 (base 12) to base 2
-11000011101001
143003 (base 5) to base 12
3583
-e09e (base 15) to base 11
-32680
What is -10243 (base 6) in base 11?
-1059
What is -141 (base 16) in base 13?
-1b9
What is -55b (base 13) in base 16?
-399
Convert 65435 (base 9) to base 7.
240302
811d (base 15) to base 3
1101101101
10010101011110011 (base 2) to base 7
436060
Convert -1012210 (base 3) to base 5.
-12020
What is 495 (base 12) in base 11?
577
What is -1333214 (base 5) in base 14?
-9d49
Convert 2611 (base 9) to base 12.
116a
-5aaa (base 15) to base 9
-28407
Convert -12a38 (base 11) to base 13.
-85a3
2207 (base 9) to base 8
3133
1b96 (base 16) to base 4
1232112
Convert 254 (base 14) to base 13.
29b
What is 2315 (base 6) in base 16?
227
Convert -6265 (base 9) to base 16.
-11f3
Convert 8ecb (base 16) to base 14.
d471
Convert 33b (base 16) to base 15.
3a2
4d8 (base 14) to base 3
1100002
Convert -a5 (base 12) to base 2.
-1111101
Convert 323025 (base 7) to base 14.
16715
What is 546 (base 9) in base 15?
1ec
Convert -854 (base 11) to base 2.
-10000000011
121210 (base 3) to base 7
1215
What is 7a6 (base 11) in base 4?
33003
What is -2623 (base 7) in base 6?
-4341
What is 3864 (base 10) in base 4?
330120
21012 (base 4) to base 13
35a
What is -163a8 (base 11) in base 2?
-101101001000100
-1445 (base 8) to base 6
-3421
What is 25594 (base 10) in base 3?
1022002221
What is 2154 (base 7) in base 5?
11044
Convert 970a (base 15) to base 12.
165b4
Convert 5b59 (base 15) to base 13.
8acc
Convert -375 (base 15) to base 10.
-785
Convert 200403 (base 5) to base 6.
45225
-21122211 (base 3) to base 6
-41504
What is -12024 (base 6) in base 10?
-1744
What is -212f (base 16) in base 9?
-12578
Convert 326 (base 7) to base 3.
20012
Convert -26c6 (base 13) to base 9.
-7568
Convert 5765 (base 10) to base 14.
215b
What is 540 (base 9) in base 8?
671
Convert -1032334 (base 5) to base 6.
-214340
-15295 (base 10) to base 8
-35677
Convert -2121111 (base 3) to base 2.
-11101101111
-2c2 (base 16) to base 2
-1011000010
Convert 111202 (base 3) to base 8.
563
30224 (base 6) to base 14
1640
Convert -411210 (base 5) to base 10.
-13305
What is -11001100110 (base 2) in base 10?
-1638
What is 2205 (base 6) in base 11?
423
41534 (base 6) to base 8
12742
Convert -49 (base 15) to base 16.
-45
What is -2289 (base 12) in base 16?
-f09
-37079 (base 11) to base 15
-10c01
-173 (base 13) to base 3
-100202
87bf (base 16) to base 15
a46b
-33b6 (base 14) to base 4
-2030110
10001001011100100 (base 2) to base 16
112e4
Convert -143204 (base 5) to base 4.
-1132212
110000010000 (base 2) to base 5
44323
What is -1a67 (base 13) in base 5?
-111342
Convert 1184 (base 13) to base 15.
aee
What is -a46e (base 16) in base 5?
-2321334
-320510 (base 6) to base 8
-62772
Convert -120202 (base 3) to base 5.
-3200
What is 24a3 (base 13) in base 5?
131303
10042 (base 5) to base 16
287
What is -41515 (base 8) in base 12?
-9b79
6440 (base 13) to base 11
a4a6
What is 40205 (base 6) in base 12?
3065
-11111011001 (base 2) to base 12
-11b5
-22b8 (base 13) to base 12
-29ab
Convert -2422 (base 9) to base 8.
-3412
Convert -301 (base 11) to base 13.
-220
What is 6755 (base 11) in base 6?
105101
Convert -15a7 (base 11) to base 4.
-200011
What is -10100110 (base 2) in base 8?
-246
1452 (base 7) to base 9
710
What is -c9cc (base 14) in base 12?
-18220
What is -1645 (base 7) in base 4?
-22132
Convert 22201002 (base 4) to base 11.
2a3a9
What is 15325 (base 10) in base 15?
481a
-110100011011110 (base 2) to base 11
-19196
What is -102001202 (base 3) in base 4?
-1332002
-417 (base 12) to base 11
-4a1
What is 475 (base 12) in base 11?
555
What is 133113 (base 4) in base 15?
8dc
What is -763 (base 15) in base 11?
-1287
-20201 (base 6) to base 9
-3581
What is 1182 (base 10) in base 3?
1121210
-8987 (base 10) to base 7
-35126
What is -25542 (base 7) in base 9?
-10276
What is -14a71 (base 15) in base 11?
-45a48
-63630 (base 8) to base 13
-c0c0
Convert -231 (base 11) to base 13.
-183
-5420 (base 9) to base 8
-7623
-210220 (base 3) to base 14
-303
2291 (base 15) to base 10
7336
-110111101000 (base 2) to base 15
-10c5
What is -31205 (base 6) in base 11?
-3161
What is a79 (base 16) in base 6?
20225
c2cb (base 15) to base 5
2304031
What is -328 (base 9) in base 13?
-179
-b97 (base 14) to base 15
-a29
Convert -4124 (base 9) to base 2.
-101111001011
Convert 57356 (base 8) to base 3.
1020100002
What is 4bf (base 16) in base 7?
3354
Convert -1120121 (base 4) to base 7.
-22331
76054 (base 9) to base 7
266536
Convert cc (base 13) to base 15.
b3
5246 (base 13) to base 2
10110001110101
What is 739 (base 12) in base 13?
630
Convert 94 (base 16) to base 14.
a8
Convert -4723 (base 9) to base 10.
-3504
Convert 413 (base 15) to base 12.
646
What is -643 (base 14) in base 9?
-1622
What is -ded (base 15) in base 16?
-c4c
Convert 510 (base 10) to base 14.
286
200110 (base 6) to base 15
4949
Convert 10c13 (base 15) to base 5.
3201333
What is -7c86 (base 13) in base 3?
-220000210
What is 1230220 (base 4) in base 13?
321a
Convert -9c8 (base 14) to base 6.
-12552
What is -282 (base 11) in base 5?
-2312
What is -232c (base 14) in base 8?
-13744
What is 8848 (base 10) in base 3?
110010201
Convert -21011 (base 5) to base 14.
-709
-13031203 (base 4) to base 8
-71543
8660 (base 11) to base 7
45232
Convert -1a23 (base 13) to base 4.
-331030
661 (base 14) to base 8
2355
Convert 65 (base 12) to base 14.
57
What is -4726 (base 8) in base 16?
-9d6
Convert -4014142 (base 5) to base 4.
-33202320
What is 404312 (base 5) in base 9?
18845
-f05d (base 16) to base 7
-344253
40656 (base 7) to base 16
26d3
What is -48 (base 11) in base 9?
-57
Convert -1772 (base 8) to base 11.
-846
What is 5ff (base 16) in base 15?
6c5
Convert 4111 (base 5) to base 10.
531
Convert 31115 (base 7) to base 4.
1312313
What is 10200 (base 4) in base 16?
120
1cdb (base 14) to base 3
21020220
What is 1039 (base 13) in base 2?
100011000101
Convert 721 (base 12) to base 15.
48d
Convert 2da (base 14) to base 2.
1001001000
-1010100000010 (base 2) to base 16
-1502
Convert -c3f (base 16) to base 11.
-23a0
1100010000111 (base 2) to base 8
14207
Convert -5 (base 10) to base 9.
-5
31 (base 12) to base 5
122
-121202 (base 3) to base 5
-3302
a75 (base 13) to base 12
104a
Convert -6b (base 14) to base 4.
-1133
What is -304310 (base 6) in base 15?
-7306
What is -6582 (base 11) in base 3?
-102220112
What is 21121222 (base 3) in base 9?
7558
Convert -20100 (base 4) to base 15.
-253
Convert -12662 (base 10) to base 9.
-18328
Convert -1230 (base 6) to base 8.
-462
What is -13c (base 15) in base 12?
-1b6
Convert 55 (base 6) to base 11.
32
What is 1000101101 (base 2) in base 3?
202122
-1065 (base 14) to base 4
-230101
111203230 (base 4) to base 2
10101100011101100
Convert -422 (base 9) to base 2.
-101011000
Convert -35358 (base 9) to base 16.
-5c48
Convert 13796 (base 10) to base 3.
200220222
Convert -8a36 (base 15) to base 2.
-111001001110101
Convert -26361 (base 10) to base 16.
-66f9
-62ca (base 14) to base 8
-41212
Convert 51 (base 6) to base 13.
25
What is 4661 (base 7) in base 9?
2308
What is 2a1 (base 16) in base 7?
1651
1101010000111 (base 2) to base 16
1a87
-122003 (base 4) to base 3
-2021202
-2bb68 (base 12) to base 6
-1155412
Convert 4316 (base 8) to base 15.
a04
-12992 (base 13) to base 15
-a3b5
What is 203113 (base 4) in base 16?
8d7
What is 878 (base 15) in base 9?
2555
What is -717 (base 9) in base 7?
-1462
3448 (base 10) to base 14
1384
1247 (base 9) to base 10
934
What is 1000011011 (base 2) in base 3?
201222
Convert 572a (base 16) to base 14.
81bc
214a (base 11) to base 6
21045
76b7 (base 13) to base 7
66142
What is -1aa6 (base 12) in base 8?
-6336
What is 210 (base 7) in base 11?
96
What is 200c (base 13) in base 6?
32222
What is -270 (base 14) in base 3?
-200011
-10270 (base 8) to base 16
-10b8
What is 30751 (base 10) in base 3?
1120011221
16326 (base 8) to base 9
11112
What is 92 (base 12) in ba